rs of b(-10)?
2, 193
List the prime factors of 2*((-251145)/2)/(-9).
5, 5581
Let h = 111 + -112. Let x(q) be the first derivative of -3*q**2 - q + 3. List the prime factors of x(h).
5
Suppose -3*p - p + 2824 = 0. Let k be (0 - -1)/((-28175)/(-3521) - 8). Let a = p - k. What are the prime factors of a?
7, 29
Let t = 1639 + 33994. What are the prime factors of t?
13, 2741
Suppose 512 = 2*m + 3*t, -10 = -6*t + 11*t. Let n = m + -97. What are the prime factors of n?
2, 3
Let j be 1/2*(-9 + 13). Let x be (j*9/6 + 0)/1. Suppose -x*y = 6*y - 549. List the prime factors of y.
61
Suppose 2*g - 1721 - 6461 = 2*j, 0 = -3*j - g - 12289. What are the prime factors of (-16 - -14)/(j/(-4101) - 1)?
1367
Suppose -6*c + 34 + 8 = 0. Suppose 2*x + c*a = 2*a + 1954, 0 = 5*x - a - 4912. What are the prime factors of x?
2, 491
Suppose 4*o = 1 + 7, -5*i + 2*o + 11 = 0. What are the prime factors of i/(-2)*(-568)/3?
2, 71
Let f(n) = -n - 10. Let h be f(9). Let w be ((-1)/2)/(h/(-418)). What are the prime factors of (8 + w)/((-6)/358)?
179
Let k = 8412 - 8019. What are the prime factors of k?
3, 131
Let b be ((-3)/6)/(1/(-164)). Let k(q) = -2*q**2 - 5*q + 47. Let w be k(-8). Let c = w + b. What are the prime factors of c?
41
Let c(u) = -u**3 + 4*u**2 + 3*u + 13. Let b be c(5). Suppose b*p - 73 = -a + 271, 0 = -3*p - 2*a + 349. List the prime factors of p.
113
What are the prime factors of ((-3)/(-2))/((-75)/(-22750))?
5, 7, 13
Let x be 2/(-8) - (-24)/(-32). Let c(b) = -676*b**3 - b**2 - 5*b - 5. List the prime factors of c(x).
3, 5
Suppose -27*d + 120*d - 2073098 = 79387. List the prime factors of d.
3, 5, 1543
Suppose 1054 = 4*f + 170. Let i(m) = -16*m + 44. Let v be i(-20). Suppose 13*a = f + v. List the prime factors of a.
3, 5
Suppose -m - 3*b + 4721 = 0, -14415 = -4*m + 4*b + 4389. Suppose 458 = -12*n + m. List the prime factors of n.
2, 3, 59
Let a(f) = -f**3 + 64*f**2 + 149*f - 95. List the prime factors of a(29).
41, 821
Suppose 9249*u - 9233*u = 618736. List the prime factors of u.
38671
Let g(o) = -o**3 - 8*o**2 - 5*o - 7. Let p be g(-6). Let q = -47 - p. What are the prime factors of (q/6)/(11/2343)?
71
Let g(o) = 51*o + 20. Let h be g(12). Let y = h - -200. List the prime factors of y.
2, 13
Let j(a) be the first derivative of -73*a**2/2 + 28*a - 36. List the prime factors of j(-4).
2, 5
Let i(r) = -42*r - 25. Let s(g) = -420*g - 252. Let c(b) = -49*i(b) + 5*s(b). List the prime factors of c(-12).
7, 67
List the prime factors of 391*(-3)/((-6)/108*3).
2, 3, 17, 23
Let r be (-1)/7*(-27 + 20). Let w be (54/(-72))/(5/4 - r). Let o(a) = -19*a - 7. What are the prime factors of o(w)?
2, 5
Let w = 20 + 5078. What are the prime factors of w?
2, 2549
Let r be (-1 - 241/5)/((-25)/((-5000)/80)). Suppose -3*x - 468 = -2*h - 0*x, 0 = -2*h + x + 476. Let k = h + r. List the prime factors of k.
3, 13
Suppose 0 = 3*a - 3954 - 6288. Suppose -14*y - a = -20*y. List the prime factors of y.
569
Let k(w) = -1047*w - 1147. What are the prime factors of k(-9)?
2, 2069
Suppose -66*a + 154650 = 2*c - 62*a, -4*c + 309306 = 5*a. What are the prime factors of c?
7, 11047
Let z = 91 - 88. List the prime factors of 17/z + (-17)/(-51).
2, 3
Suppose -3*l = -y - 6825, 5*y = -628*l + 625*l + 6843. List the prime factors of l.
2, 569
Let v be 252/(-144) - 11657/4. Let q = -1280 - v. List the prime factors of q.
2, 409
Let i(g) = -3*g**3 - 11*g**2 + 18*g - 53. Let c(j) = 4*j**3 + 10*j**2 - 21*j + 54. Let p(x) = -4*c(x) - 5*i(x). What are the prime factors of p(8)?
449
Let a = 378 + -976. Let z = a + 213. Let g = -133 - z. List the prime factors of g.
2, 3, 7
Let z = 10916 + -3820. Suppose 16*k = 8*k + z. What are the prime factors of k?
887
Let j(l) = 2*l**3 - 7*l**2 + 2*l + 16. Suppose -8*x + 4*x - 4*r = -12, -4*r = x + 9. List the prime factors of j(x).
373
List the prime factors of (-2145736)/(-34) + 90/765.
2, 5, 6311
Let t(v) = 9*v**2 - 65*v - 1702. What are the prime factors of t(-32)?
2, 3, 13, 41
Let b be 1/(-2) + 1359/2. Suppose -2*a - 967 = u, 62*u - 2434 = 5*a + 59*u. Let x = a + b. List the prime factors of x.
2, 97
Let m(t) = 9*t - 22. Let o be m(3). Suppose -5*z + 0*z - 1955 = -o*x, -x + 385 = z. Suppose 3*n + 3*f - 56 = 226, -f + x = 4*n. What are the prime factors of n?
2, 7
Let o(n) = 218*n**2 - 94*n - 80. List the prime factors of o(-8).
2, 457
Let r(g) be the first derivative of g**3/3 - 21*g**2/2 - 29*g + 76. What are the prime factors of r(-14)?
461
Let u(g) = 392*g**2 - 9*g + 45. List the prime factors of u(3).
2, 3, 197
Let v be (-4 - 1)*(0 + (-2)/5). Let n(a) = -6*a**3 + 18*a**v + 12*a - 2*a**3 + a**3 - 19 + 8*a**3. List the prime factors of n(-17).
2, 3, 11
Let r = 56050 - 3697. List the prime factors of r.
3, 7, 277
Let l(b) = -27*b**3 + 10*b**3 + 6*b**3 + 10*b**3 - 3 + 3*b**2. Let s be l(5). Let p = s - -78. What are the prime factors of p?
5
List the prime factors of (88016/80)/(8/325) - 12/(-32).
2, 37, 151
Let q(d) = 272*d - 10. Let m be (8/(-12)*2)/(2/(-3)). List the prime factors of q(m).
2, 3, 89
Let b be 48/(-18) + 2 + 356/(-6). List the prime factors of ((-1372)/(-20))/((-4)/b).
3, 7
Let s(i) = i**3 + 20*i**2 - 8*i - 58. Let a be s(-20). Let h = -50 + 79. Let x = a - h. List the prime factors of x.
73
List the prime factors of ((-14)/(-8) - ((-204)/(-16) + -9)) + 2120.
2, 3, 353
Let l be ((136/(-1))/(-1))/(86/2193). Suppose 0 = 4*s + 4*a - l, 1673 = 3*s + 4*a - 923. List the prime factors of s.
2, 109
Let t be 40/7 - (-82)/287. Suppose 0 = -h + 2*s + 366, 4*s - 1048 = 3*h - t*h. List the prime factors of h.
2, 89
Suppose 11*b - 17435 = 8*b + k, 0 = -b + k + 5815. List the prime factors of b.
2, 5, 7, 83
Let w be (-23)/(-7) + 6/(-21). Suppose r = w*o + 59, -4*o = -r + o + 65. Suppose -i = -75 - r. What are the prime factors of i?
5
Let z(x) = 2*x**2 - 22*x + 41. Let l be z(9). Suppose -i + 1347 = l*p, 6839 = 5*i - 19*p + 18*p. What are the prime factors of i?
1367
Let v(k) = -9*k - 66 + k**2 - 72 + 142. Let j be v(9). Suppose -24 = -4*z + 4*y, 2*z + 3*y - j = y. List the prime factors of z.
2
Let t(v) = -v**3 - 6*v**2 - 10*v - 2. Let y be t(-4). List the prime factors of 244 + -2 - (y - 1).
3, 79
Let c be 499/(-2)*22/(-11). Suppose -y + 216 = -c. What are the prime factors of y?
5, 11, 13
Suppose -g = -0*g - 2. Let v be 24*-2 + -1*4/g. List the prime factors of 3 - 4/(-4 - v/13).
29
Let g(u) = -4904*u - 815. What are the prime factors of g(-2)?
17, 23
Suppose 0 = 2*r + 4*k - 117328, 4*k + 234704 = -2*r + 6*r. What are the prime factors of r?
2, 19, 193
Let q = -1347 + 1901. Let b = -311 + q. What are the prime factors of b?
3
Suppose 2*s + 3*b = 10, -4*b = s + 4 - 19. Suppose -67*f = -65*f - 116. What are the prime factors of s + f + 0 + 1?
2, 29
Suppose 0 = -4*p - 16, 6*p = -2*m + p + 68. Suppose 48*n = m*n + 4076. List the prime factors of n.
1019
Let a = 4073 + -1365. List the prime factors of a.
2, 677
Let s(z) be the second derivative of z**4/12 - 5*z**3/3 + 7*z**2/2 + 19*z. Let r be s(10). Let h(i) = -i**3 + 8*i**2 + 2*i + 17. List the prime factors of h(r).
2, 5
Suppose 5*t - 2*t - 138 = -2*j, -5*j = -15. Let n = t - -170. What are the prime factors of n?
2, 107
Let m = -47 - -62. Let f be (4/6)/(5/m). Suppose -r - 3*w = -13, 47 = -f*r + 5*r + 5*w. What are the prime factors of r?
19
Let a = 4861 - 2600. List the prime factors of a.
7, 17, 19
Suppose 9*p = 9 + 9. Suppose 2*v + 3*o + 6 = 0, p*o + 2 = -2*v - 0. Suppose -q + l = -37, l = 4*l + v. What are the prime factors of q?
2, 3
Let l = -4277 + 24371. What are the prime factors of l?
2, 3, 17, 197
Let b(j) = 3*j**2 - 6*j + 12. Suppose 12*f + 4*f - 2224 = 0. Suppose 9*d = f - 40. List the prime factors of b(d).
3, 103
Let l(s) = s - 14. Let x(r) = -5. Let o(h) = -2*l(h) + 7*x(h). Let j be o(-15). Suppose 19*y + 584 = j*y. List the prime factors of y.
2, 73
Let r(l) = 40*l**2 + 12*l - 16. Let u be r(10). Suppose u = 30*b - 27*b. List the prime factors of b.
2, 3, 19
Suppose 3*x - 7*x = -28. Suppose 0*k = -k + x. Let g(f) = -f**2 + 8*f - 3. What are the prime factors of g(k)?
2
Suppose 0 = -18*g + 15*g + 24. Suppose -4*m - 14 = -2*l - g*m, -4*l + m + 28 = 0. Let c = l - -29. What are the prime factors of c?
2, 3
Suppose 9*k - 24 = 6*k. Suppose 4*u - 472 = 5*h, -u = -3*h + k*h + 457. Let x = h - -2